{"id":11,"date":"2016-08-01T16:57:34","date_gmt":"2016-08-01T16:57:34","guid":{"rendered":"http:\/\/ak-naturgefahr.web.th-koeln.de\/?page_id=11"},"modified":"2026-03-26T15:22:52","modified_gmt":"2026-03-26T15:22:52","slug":"ak-treffen","status":"publish","type":"page","link":"https:\/\/ak-naturgefahr.web.th-koeln.de\/?page_id=11","title":{"rendered":"AK Treffen"},"content":{"rendered":"<h1 class=\"documentFirstHeading\"><span id=\"parent-fieldname-title\" class=\"\"> Treffen des Arbeitskreises <\/span><\/h1>\n<div id=\"parent-fieldname-text\" class=\"plain\">\n<p>Der Arbeitskreis trifft sich in regelm\u00e4\u00dfigen Abst\u00e4nden (einmal j\u00e4hrlich). Auf dieser Seite sind Einladungen f\u00fcr zuk\u00fcnftige Treffen zu finden sowie die Berichte von zur\u00fcckliegenden Zusammenk\u00fcnften des Arbeitskreises.<\/p>\n<h3>N\u00e4chstes Arbeitskreis-Treffen<\/h3>\n<p>siehe https:\/\/www.ak-naturgefahren.eu<\/p>\n<h3>Zur\u00fcckliegende AK-Treffen<\/h3>\n<p>Die Calls, Programme und Berichte der Treffen sind nun auch unter den <strong>Ver\u00f6ffentlichungen<\/strong> zu finden.<\/p>\n<ul>\n<li>22-23. Mai 2025 in Innsbruck: <a href=\"https:\/\/ak-naturgefahr.web.th-koeln.de\/wp-content\/uploads\/2025\/03\/AK_Naturgefahr-Risiko_Call-for-participation.pdf\">AK_Naturgefahr-Risiko_Call-for-participation<\/a><\/li>\n<li>36 AK-Treffen in M\u00fcnchen, 29-30.4.2024.<br \/>\n<a href=\"https:\/\/ak-naturgefahr.web.th-koeln.de\/wp-content\/uploads\/2024\/05\/231220_Call-for-Papers_AK-NGNR-2024_MG.pdf\">231220_Call for Papers_AK NGNR 2024_MG,<\/a><br \/>\n<a href=\"https:\/\/ak-naturgefahr.web.th-koeln.de\/wp-content\/uploads\/2024\/05\/240429-30-Agenda_AK-NGNR-2024_Muenchen.pdf\">240429-30 Agenda_AK NGNR 2024_M\u00fcnchen, <\/a><br \/>\n<a href=\"https:\/\/ak-naturgefahr.web.th-koeln.de\/wp-content\/uploads\/2024\/05\/240430-Notes-AF-zum-AK-Treffen-in-Muenchen.docx\">240430 Notes AF zum AK Treffen in M\u00fcnchen<\/a><\/li>\n<li>Sitzung auf dem <a href=\"https:\/\/dkg2023.de\">Deutschen Kongress f\u00fcr Geographie<\/a> im September 2023 in Frankfurt am Main.<br \/>\n<a href=\"https:\/\/ak-naturgefahr.web.th-koeln.de\/wp-content\/uploads\/2024\/05\/230922-AKSitzung-am-DKG23-Bericht.pdf\">230922 AKSitzung am DKG23 Bericht<\/a><\/li>\n<li>\u201eTransformationen im Bev\u00f6lkerungsschutz!?\u201c Gemeinsame Tagung des AK Naturgefahren\/Naturrisiken und des Katastrophennetzes e.V. am 26.\/27.09.2022 in Berlin. <a href=\"https:\/\/ak-naturgefahr.web.th-koeln.de\/wp-content\/uploads\/2022\/05\/CfP_KatNet_AKNGNR_final.pdf\">CfP_KatNet_AKNGNR_final<\/a><br \/>\nDas Tagungsprogramm mit Anmeldungshinweis: <a href=\"https:\/\/ak-naturgefahr.web.th-koeln.de\/wp-content\/uploads\/2022\/08\/Programm_KatNet_AKNGNR_2022_08_20.pdf\">Programm_KatNet_AKNGNR_2022_08_20<\/a><\/li>\n<li>7-8.10.2021 GeoWoche (online) Call for Paper: <a href=\"https:\/\/ak-naturgefahr.web.th-koeln.de\/wp-content\/uploads\/2021\/06\/CfP-AK-NGNR-GeoWoche-2021.pdf\">CfP-AK-NGNR-GeoWoche-2021<\/a><br \/>\nPodiumsdiskussion 060_01 AK Naturgefahren\/Naturrisiken \u2010 Matthias Garschagen, Alexander Fekete, Sven Fuchs. Transformation in der Geographischen Klimaanpassungs\u2010 und Risikoforschung: Neuerungen, Perspektiven, Fragen. #GeoWoche2021. 7.10.2021.\u00a0Folien zur Sitzung und Notizen:\u00a0<a href=\"https:\/\/ak-naturgefahr.web.th-koeln.de\/wp-content\/uploads\/2021\/10\/1_DGfG-GeoWoche-Transformation_1.pdf\">1_DGfG-GeoWoche &#8211; Transformation_1<\/a><br \/>\nFachsitzung 060_02 AK Naturgefahren\/Naturrisiken \u2010 Matthias Garschagen, Alexander Fekete, Sven Fuchs. Transformationen im Umgang mit Risiken: Empirische F\u00e4lle und Fragen. #GeoWoche2021. 8.10.2021. \u00a0Folien und Notizen zur Sitzung: <a href=\"https:\/\/ak-naturgefahr.web.th-koeln.de\/wp-content\/uploads\/2021\/10\/2_DGfG-GeoWoche-Transformation2-1.pdf\">2_DGfG-GeoWoche &#8211; Transformation2<\/a><\/li>\n<li>Kiel (25. September 2019) Thema <b>Transformation in der (human- und physisch-geographischen) Risikoforschung: Paradigmen, Systeme, Akteure. <\/b>Aufruf: <a href=\"http:\/\/ak-naturgefahr.web.th-koeln.de\/wp-content\/uploads\/2019\/07\/CfP_AK-Sitzung_NGNR_2019.pdf\">CfP_AK-Sitzung_NGNR_2019<\/a> Agenda: <a href=\"http:\/\/ak-naturgefahr.web.th-koeln.de\/wp-content\/uploads\/2019\/09\/Agenda-Arbeitskreissitzung-des-AK-Naturgefahren.pdf\">Agenda &#8211; Arbeitskreissitzung des AK Naturgefahren<\/a><\/li>\n<li>Berlin (September 2018) <a href=\"http:\/\/ak-naturgefahr.web.th-koeln.de\/wp-content\/uploads\/2018\/06\/20180920_Programm_AK-Naturgefahren.pdf\">20180920_Programm_AK Naturgefahren<\/a><\/li>\n<li>T\u00fcbingen (September 2017):\u00a0<a href=\"http:\/\/ak-naturgefahr.web.th-koeln.de\/wp-content\/uploads\/2016\/08\/Zusammenfassung-30-AK.pdf\">Zusammenfassung-30-AK<\/a><\/li>\n<li>Bonn (September 2016):\u00a0<a href=\"http:\/\/ak-naturgefahr.web.th-koeln.de\/wp-content\/uploads\/2016\/08\/Zusammenfassung-29-AK.pdf\">Zusammenfassung-29-AK<\/a><\/li>\n<li><a href=\"http:\/\/ak-naturgefahr.web.th-koeln.de\/wp-content\/uploads\/2016\/08\/Bericht_KatNet-Tagung2015.pdf\" target=\"_blank\" rel=\"noopener noreferrer\">Berlin (September 2015)<\/a><\/li>\n<li><a href=\"http:\/\/ak-naturgefahr.web.th-koeln.de\/wp-content\/uploads\/2016\/08\/20141218_Protokoll_AK_Koeln_Rundbrief-1.pdf\" target=\"_blank\" rel=\"noopener noreferrer\">K\u00f6ln (Dezember 2014)<\/a><\/li>\n<li><a href=\"http:\/\/ak-naturgefahr.web.th-koeln.de\/wp-content\/uploads\/2016\/08\/20130217_Protokoll_AK_Hamburg_Rundbrief.pdf\" target=\"_blank\" rel=\"noopener noreferrer\">Hamburg (Februar 2013)<\/a><\/li>\n<li><a href=\"http:\/\/ak-naturgefahr.web.th-koeln.de\/wp-content\/uploads\/2016\/08\/AK-NGNR-24_Bonn-Programm_final_V2.pdf\" target=\"_blank\" rel=\"noopener noreferrer\">Bonn (August 2012)<\/a><\/li>\n<li><a href=\"http:\/\/ak-naturgefahr.web.th-koeln.de\/wp-content\/uploads\/2016\/08\/copy2_of_Protokoll_AK_Weihenstephan_final.pdf\" target=\"_blank\" rel=\"noopener noreferrer\">Freising\/M\u00fcnchen (Oktober 2011)<\/a><\/li>\n<li><a href=\"http:\/\/ak-naturgefahr.web.th-koeln.de\/wp-content\/uploads\/2016\/08\/AK-22_Osnabruck_Protokoll-final.pdf\" target=\"_blank\" rel=\"noopener noreferrer\">Osnabr\u00fcck (Oktober 2010)<\/a><\/li>\n<li>Wien, 57. Deutscher Geographentag (September 2009)<\/li>\n<li><a href=\"http:\/\/ak-naturgefahr.web.th-koeln.de\/wp-content\/uploads\/2016\/08\/copy_of_Protokoll_AK-NG_NR_Leipzig.pdf\" target=\"_blank\" rel=\"noopener noreferrer\">Leipzig (M\u00e4rz 2009)<\/a><\/li>\n<li>Heidelberg (Juni 2008)<\/li>\n<li><a href=\"http:\/\/ak-naturgefahr.web.th-koeln.de\/wp-content\/uploads\/2016\/08\/ak-bericht-2007bayreuth.pdf\" target=\"_blank\" rel=\"noopener noreferrer\">Bayreuth, 56. Geographentag (Oktober 2007)<\/a><\/li>\n<li><a href=\"http:\/\/ak-naturgefahr.web.th-koeln.de\/wp-content\/uploads\/2016\/08\/ak-prot-2006augsburg.pdf\" target=\"_blank\" rel=\"noopener noreferrer\">Augsburg (Dezember 2006)<\/a><\/li>\n<li><a href=\"http:\/\/ak-naturgefahr.web.th-koeln.de\/wp-content\/uploads\/2016\/08\/ak-bericht-2006osnabrueck.pdf\" target=\"_blank\" rel=\"noopener noreferrer\">Osnabr\u00fcck (Februar 2006)<\/a><\/li>\n<li>Trier, 55. Deutscher Geographentag (Oktober 2015)<\/li>\n<li><a href=\"http:\/\/ak-naturgefahr.web.th-koeln.de\/wp-content\/uploads\/2016\/08\/ak-bericht-2005innsbruck.pdf\" target=\"_blank\" rel=\"noopener noreferrer\">Innsbruck (Februar 2015)<\/a><\/li>\n<li><a href=\"http:\/\/ak-naturgefahr.web.th-koeln.de\/wp-content\/uploads\/2016\/08\/ak-prot-2004benediktbeuern.pdf\" target=\"_blank\" rel=\"noopener noreferrer\">Benediktbeuern (November 2004)<\/a><\/li>\n<li><a href=\"http:\/\/ak-naturgefahr.web.th-koeln.de\/wp-content\/uploads\/2016\/08\/ak-prot-2004jena.pdf\" target=\"_blank\" rel=\"noopener noreferrer\">Jena (Februar 2004)<\/a><\/li>\n<li><a href=\"http:\/\/ak-naturgefahr.web.th-koeln.de\/wp-content\/uploads\/2016\/08\/ak-prot-2003bern.pdf\" target=\"_blank\" rel=\"noopener noreferrer\">Bern, 54. Deutscher Geographentag (Oktober 2003)<\/a><\/li>\n<li><a href=\"http:\/\/ak-naturgefahr.web.th-koeln.de\/wp-content\/uploads\/2016\/08\/ak-prot-2003nuernberg.pdf\" target=\"_blank\" rel=\"noopener noreferrer\">N\u00fcrnberg (M\u00e4rz 2003)<\/a><\/li>\n<li><a href=\"http:\/\/ak-naturgefahr.web.th-koeln.de\/wp-content\/uploads\/2016\/08\/ak-prot-2002karlsruhe.pdf\" target=\"_blank\" rel=\"noopener noreferrer\">Karlsruhe (November 2002)<\/a><\/li>\n<li><a href=\"http:\/\/ak-naturgefahr.web.th-koeln.de\/wp-content\/uploads\/2016\/08\/ak-prot-2002bonn.pdf\" target=\"_blank\" rel=\"noopener noreferrer\">Bonn (Februar 2002)<\/a><\/li>\n<li><a href=\"http:\/\/ak-naturgefahr.web.th-koeln.de\/wp-content\/uploads\/2016\/08\/ak-prot-2001leipzig.pdf\" target=\"_blank\" rel=\"noopener noreferrer\">Leipzig, 53. Deutscher Geographentag (Oktober 2001)<\/a><\/li>\n<li><a href=\"http:\/\/ak-naturgefahr.web.th-koeln.de\/wp-content\/uploads\/2016\/08\/copy_of_ak-prot-2001buesum.pdf\" target=\"_blank\" rel=\"noopener noreferrer\">B\u00fcsum (Mai 2000)<\/a><\/li>\n<li><a href=\"http:\/\/ak-naturgefahr.web.th-koeln.de\/wp-content\/uploads\/2016\/08\/ak-prot-2000mainz.pdf\" target=\"_blank\" rel=\"noopener noreferrer\">Mainz (November 2000)<\/a><\/li>\n<li><a href=\"http:\/\/ak-naturgefahr.web.th-koeln.de\/wp-content\/uploads\/2016\/08\/ak-prot-2000jena.pdf\" target=\"_blank\" rel=\"noopener noreferrer\">Jena (Juni 2000)<\/a><\/li>\n<li><a href=\"http:\/\/ak-naturgefahr.web.th-koeln.de\/wp-content\/uploads\/2016\/08\/ak-prot-2000potsdam.pdf\" target=\"_blank\" rel=\"noopener noreferrer\">Potsdam (Februar 2000)<\/a><\/li>\n<li>Hamburg, 52. Deutscher Geographentag (Oktober 1999)<\/li>\n<li><a href=\"http:\/\/ak-naturgefahr.web.th-koeln.de\/wp-content\/uploads\/2016\/08\/ak-prot-1999bonn.pdf\" target=\"_blank\" rel=\"noopener noreferrer\">Bonn (April 1999)<\/a><\/li>\n<li><a href=\"http:\/\/ak-naturgefahr.web.th-koeln.de\/wp-content\/uploads\/2016\/08\/ak-prot-1998bonn.pdf\" target=\"_blank\" rel=\"noopener noreferrer\">Bonn (April 1998)<\/a><\/li>\n<li><a href=\"http:\/\/ak-naturgefahr.web.th-koeln.de\/wp-content\/uploads\/2016\/08\/konstitut.pdf\" target=\"_blank\" rel=\"noopener noreferrer\">Konstituierende Sitzung (1997)<\/a><\/li>\n<\/ul>\n<\/div>\n","protected":false},"excerpt":{"rendered":"<p>Treffen des Arbeitskreises Der Arbeitskreis trifft sich in regelm\u00e4\u00dfigen Abst\u00e4nden (einmal j\u00e4hrlich). Auf dieser Seite sind Einladungen f\u00fcr zuk\u00fcnftige Treffen zu finden sowie die Berichte von zur\u00fcckliegenden Zusammenk\u00fcnften des Arbeitskreises. N\u00e4chstes Arbeitskreis-Treffen siehe https:\/\/www.ak-naturgefahren.eu Zur\u00fcckliegende AK-Treffen Die Calls, Programme und <a href=\"https:\/\/ak-naturgefahr.web.th-koeln.de\/?page_id=11\" class=\"read-more\">Read More &#8230;<\/a><\/p>\n","protected":false},"author":1,"featured_media":0,"parent":0,"menu_order":0,"comment_status":"closed","ping_status":"closed","template":"","meta":{"footnotes":""},"class_list":["post-11","page","type-page","status-publish","hentry"],"_links":{"self":[{"href":"https:\/\/ak-naturgefahr.web.th-koeln.de\/index.php?rest_route=\/wp\/v2\/pages\/11","targetHints":{"allow":["GET"]}}],"collection":[{"href":"https:\/\/ak-naturgefahr.web.th-koeln.de\/index.php?rest_route=\/wp\/v2\/pages"}],"about":[{"href":"https:\/\/ak-naturgefahr.web.th-koeln.de\/index.php?rest_route=\/wp\/v2\/types\/page"}],"author":[{"embeddable":true,"href":"https:\/\/ak-naturgefahr.web.th-koeln.de\/index.php?rest_route=\/wp\/v2\/users\/1"}],"replies":[{"embeddable":true,"href":"https:\/\/ak-naturgefahr.web.th-koeln.de\/index.php?rest_route=%2Fwp%2Fv2%2Fcomments&post=11"}],"version-history":[{"count":34,"href":"https:\/\/ak-naturgefahr.web.th-koeln.de\/index.php?rest_route=\/wp\/v2\/pages\/11\/revisions"}],"predecessor-version":[{"id":217,"href":"https:\/\/ak-naturgefahr.web.th-koeln.de\/index.php?rest_route=\/wp\/v2\/pages\/11\/revisions\/217"}],"wp:attachment":[{"href":"https:\/\/ak-naturgefahr.web.th-koeln.de\/index.php?rest_route=%2Fwp%2Fv2%2Fmedia&parent=11"}],"curies":[{"name":"wp","href":"https:\/\/api.w.org\/{rel}","templated":true}]}}